?
False
Is 4293 a multiple of 26?
False
Is 9984 a multiple of 32?
True
Is 58 a factor of 50646?
False
Is 10668 a multiple of 76?
False
Is 127 a factor of 85675?
False
Does 21 divide 167?
False
Does 6 divide 1981?
False
Is 6 a factor of 51858?
True
Is 4800 a multiple of 75?
True
Is 7752 a multiple of 76?
True
Does 57 divide 868?
False
Is 26 a factor of 23483?
False
Is 6201 a multiple of 117?
True
Is 3 a factor of 276?
True
Is 17 a factor of 5765?
False
Is 2738 a multiple of 36?
False
Is 7712 a multiple of 15?
False
Does 71 divide 68657?
True
Is 50 a factor of 3750?
True
Does 82 divide 1558?
True
Is 29 a factor of 61248?
True
Is 64 a factor of 12992?
True
Does 101 divide 909?
True
Is 9048 a multiple of 12?
True
Does 36 divide 21429?
False
Is 30 a factor of 71910?
True
Is 22 a factor of 802?
False
Does 8 divide 1538?
False
Does 28 divide 56?
True
Is 55685 a multiple of 35?
True
Is 7 a factor of 161?
True
Does 23 divide 35?
False
Does 13 divide 2327?
True
Is 6 a factor of 5724?
True
Is 10166 a multiple of 23?
True
Does 22 divide 508?
False
Is 24 a factor of 969?
False
Is 4136 a multiple of 11?
True
Does 9 divide 14877?
True
Does 109 divide 16093?
False
Is 10940 a multiple of 83?
False
Is 14 a factor of 395?
False
Does 93 divide 3162?
True
Is 211 a multiple of 3?
False
Is 32 a factor of 3558?
False
Is 82257 a multiple of 37?
False
Is 14 a factor of 1974?
True
Does 108 divide 70524?
True
Does 13 divide 26?
True
Is 195 a multiple of 5?
True
Is 34 a factor of 4950?
False
Is 2065 a multiple of 59?
True
Is 156 a multiple of 3?
True
Is 284 a factor of 9015?
False
Is 3 a factor of 90?
True
Is 334 a multiple of 8?
False
Is 697 a multiple of 2?
False
Does 24 divide 5273?
False
Does 129 divide 3483?
True
Is 18 a factor of 114231?
False
Is 624 a multiple of 50?
False
Is 24 a factor of 144?
True
Does 17 divide 282?
False
Is 23 a factor of 1380?
True
Is 127 a multiple of 2?
False
Is 67354 a multiple of 34?
True
Does 11 divide 6005?
False
Is 52 a multiple of 8?
False
Is 1178 even?
True
Is 2 a factor of 117?
False
Is 19028 a multiple of 53?
False
Is 172 a multiple of 3?
False
Is 2182 a multiple of 42?
False
Does 4 divide 33728?
True
Is 672 a multiple of 24?
True
Is 8 a factor of 3480?
True
Does 201 divide 15477?
True
Does 17 divide 1547?
True
Is 11 a factor of 1881?
True
Is 4 a factor of 488?
True
Is 6 a factor of 4068?
True
Does 48 divide 56473?
False
Is 344 a multiple of 2?
True
Is 18 a factor of 3636?
True
Is 573 a multiple of 38?
False
Is 4132 a multiple of 64?
False
Is 13 a factor of 60825?
False
Is 65 a factor of 503?
False
Is 1735 even?
False
Does 25 divide 175?
True
Is 17 a factor of 3140?
False
Is 1634 a multiple of 2?
True
Is 507 a multiple of 5?
False
Is 6 a factor of 1394?
False
Is 87 a factor of 174?
True
Does 5 divide 15?
True
Is 78593 a multiple of 18?
False
Is 57494 a multiple of 73?
False
Is 2798 a multiple of 9?
False
Is 13 a factor of 299?
True
Is 6737 a multiple of 7?
False
Is 23 a factor of 1909?
True
Does 17 divide 1071?
True
Does 60 divide 65100?
True
Does 44 divide 7309?
False
Is 11945 a multiple of 5?
True
Does 99 divide 50716?
False
Is 944 a multiple of 9?
False
Does 127 divide 59502?
False
Is 8 a factor of 329?
False
Does 6 divide 378?
True
Is 5 a factor of 5015?
True
Is 4 a factor of 238?
False
Is 62 a factor of 140?
False
Is 3369 a multiple of 9?
False
Does 36 divide 3024?
True
Is 50 a factor of 191?
False
Does 19 divide 8968?
True
Is 24 a factor of 2184?
True
Is 11 a factor of 737?
True
Does 8 divide 3608?
True
Is 13 a multiple of 5?
False
Is 274 a multiple of 19?
False
Does 35 divide 11655?
True
Does 23 divide 2222?
False
Does 15 divide 510?
True
Is 10 a factor of 2005?
False
Is 656 a multiple of 16?
True
Is 522 a multiple of 5?
False
Is 2619 a multiple of 3?
True
Is 12854 a multiple of 61?
False
Is 564 a multiple of 12?
True
Is 24 a factor of 840?
True
Is 86 a factor of 10148?
True
Does 43 divide 946?
True
Is 10 a factor of 2206?
False
Does 62 divide 1488?
True
Is 63 a factor of 7371?
True
Does 15 divide 1830?
True
Is 16 a factor of 1312?
True
Is 3 a factor of 114?
True
Is 25 a factor of 782?
False
Is 317 a multiple of 13?
False
Is 940 a multiple of 20?
True
Is 1515 a multiple of 12?
False
Is 41 a factor of 2777?
False
Does 32 divide 30973?
False
Is 24 a factor of 72676?
False
Is 26 a factor of 130?
True
Is 10836 a multiple of 10?
False
Does 24 divide 1977?
False
Does 115 divide 6900?
True
Is 67509 a multiple of 126?
False
Does 98 divide 5118?
False
Is 60 a multiple of 2?
True
Is 54 a factor of 3942?
True
Does 99 divide 39304?
False
Is 135 a factor of 2970?
True
Is 18 a factor of 10513?
False
Is 20683 a multiple of 13?
True
Does 6 divide 368?
False
Is 8 a factor of 960?
True
Is 12 a factor of 843?
False
Is 32 a factor of 7638?
False
Is 432 a multiple of 12?
True
Is 26 a factor of 4825?
False
Is 14790 a multiple of 51?
True
Is 11207 a multiple of 152?
False
Does 24 divide 933?
False
Is 18336 a multiple of 2?
True
Is 6 a factor of 43060?
False
Is 559 a multiple of 15?
False
Is 9 a factor of 323?
False
Does 23 divide 532?
False
Is 115 a factor of 22195?
True
Is 271 a factor of 28184?
True
Is 22200 a multiple of 12?
True
Does 28 divide 4096?
False
Does 16 divide 256?
True
Is 11 a multiple of 11?
True
Does 22 divide 1499?
False
Does 14 divide 9030?
True
Is 1131 a multiple of 87?
True
Does 140 divide 560?
True
Does 9 divide 2277?
True
Is 8217 a multiple of 99?
True
Is 15 a factor of 1995?
True
Is 10004 a multiple of 219?
False
Is 159800 a multiple of 20?
True
Does 8 divide 587?
False
Is 2262 a multiple of 29?
True
Is 1350 a multiple of 19?
False
Does 34 divide 61365?
False
Is 4 a factor of 68?
True
Is 63 a factor of 5359?
False
Is 44918 a multiple of 37?
True
Is 15 a factor of 1969?
False
Does 68 divide 1224?
True
Is 1187 a multiple of 31?
False
Is 57 a factor of 1026?
True
Does 10 divide 22713?
False
Is 19 a factor of 97848?
False
Is 1278 a multiple of 18?
True
Does 14 divide 91?
False
Does 6 divide 1044?
True
Is 2 a factor of 114?
True
Is 78 a multiple of 2?
True
Is 11 a factor of 282?
False
Is 99 a factor of 26065?
False
Is 284 a multiple of 29?
False
Is 3860 a multiple of 193?
True
Is 61 a factor of 1037?
True
Does 26 divide 1430?
True
Does 5 divide 259?
False
Does 72 divide 1513?
False
Does 12 divide 9397?
False
Does 16 divide 512?
True
Is 17 a factor of 9102?
False
Is 96 a factor of 2969?
False
Is 1775 a multiple of 25?
True
Is 354 a multiple of 2?
True
Is 73 a factor of 584?
True
Is 16421 a multiple of 59?
False
Is 4729 a multiple of 14?
False
Is 11 a factor of 61?
False
Does 30 divide 240?
True
Is 3875 a multiple of 40?
False
Is 48 a factor of 4876?
False
Does 10 divide 900?
True
Is 9387 a multiple of 11?
False
Does 21 divide 861?
True
Is 10150 a multiple of 145?
True
Is 12 a factor of 3615?
False
Is 17388 a multiple of 63?
True
Is 3565 a multiple of 137?
False
Is 26 a factor of 1508?
True
Is 186 a factor of 26784?
True
Does 36 divide 72?
True
Does 22 divide 2859?
False
Is 156 a multiple of 12?
True
Is 8 a factor of 128?
True
Is 5621 a multiple of 73?
True
Is 1452 a multiple of 21?
False
Does 323 divide 35121?
False
Does 26 divide 1549?
False
Does 278 divide 30580?
True
Does 20 divide 130?
False
Is 154 a multiple of 14?
True
Is 25 a factor of 494?
False
Is 13 a factor of 16304?
False
Is 2058 a multiple of 6?
True
Does 99 divide 1021?
False
Does 31 divide 2542?
True
Is 35982 a multiple of 12?
False
Is 6420 a multiple of 15?
True
Does 10 divide 3290?
True
Does 158 divide 22910?
True
Is 1786 a multiple of 6?
False
Does 42 divide 14700?
True
Does 16 divide 57298?
False
Is 2 a factor of 224?
True
Is 13 a factor of 234?
True
Is 289 a multiple of 38?
False
Is 940 a multiple of 41?
False
Is 13580 a multiple of 10?
True
Does 120 divide 4200?
True
Is 12 a factor of 27660?
True
Does 88 divide 283?
False
Does 54 divide 4773?
False
Does 227 divide 5675?
True
Is 40 a factor of 7610?
False
Does 25 divide 19625?
True
Is 2288 a multiple of 11?
True
Is 32097 a multiple of 39?
True
Does 29 divide 14974?
False
Does 283 divide 26036?
True
Does 100 divide 24200?
True
Is 14 a factor of 11711?
False
Does 4 divide 3068?
True
Is 1568 a multiple of 28?
True
Is 4680 even?
True
Is 100 a multiple of 14?
False
Is 3 a factor of 399?
True
Is 2210 a multiple